llions digit of 16714262?
6
What is the ten thousands digit of 239161?
3
What is the ten thousands digit of 7632235?
3
What is the thousands digit of 175313?
5
What is the millions digit of 14593088?
4
What is the thousands digit of 320706?
0
What is the hundreds digit of 398?
3
What is the hundred thousands digit of 2310035?
3
What is the hundred thousands digit of 726548?
7
What is the ten thousands digit of 6612313?
1
What is the millions digit of 3656898?
3
What is the ten millions digit of 16664528?
1
What is the units digit of 2482385?
5
What is the hundred thousands digit of 7824579?
8
What is the thousands digit of 1153603?
3
What is the hundreds digit of 779896?
8
What is the units digit of 3463941?
1
What is the millions digit of 4558002?
4
What is the hundred thousands digit of 656706?
6
What is the hundreds digit of 35908112?
1
What is the tens digit of 2212409?
0
What is the ten thousands digit of 454803?
5
What is the hundreds digit of 7713926?
9
What is the tens digit of 3373285?
8
What is the ten thousands digit of 143731?
4
What is the units digit of 27619151?
1
What is the hundreds digit of 532415?
4
What is the tens digit of 81390?
9
What is the units digit of 16212522?
2
What is the tens digit of 611595?
9
What is the units digit of 48176?
6
What is the ten thousands digit of 100353?
0
What is the thousands digit of 2963720?
3
What is the units digit of 5838643?
3
What is the ten thousands digit of 171015?
7
What is the hundred thousands digit of 238479?
2
What is the thousands digit of 1367830?
7
What is the ten thousands digit of 274097?
7
What is the thousands digit of 6457462?
7
What is the thousands digit of 608213?
8
What is the hundreds digit of 4609101?
1
What is the thousands digit of 1024944?
4
What is the tens digit of 399874?
7
What is the hundred thousands digit of 9897801?
8
What is the units digit of 10021591?
1
What is the units digit of 6649548?
8
What is the ten thousands digit of 164453?
6
What is the hundreds digit of 10126857?
8
What is the tens digit of 427096?
9
What is the tens digit of 2941725?
2
What is the tens digit of 18490777?
7
What is the tens digit of 1455000?
0
What is the hundred thousands digit of 1337001?
3
What is the millions digit of 8207412?
8
What is the tens digit of 591223?
2
What is the thousands digit of 1317258?
7
What is the hundred thousands digit of 1797696?
7
What is the ten thousands digit of 134080?
3
What is the thousands digit of 242226?
2
What is the hundreds digit of 213424?
4
What is the hundreds digit of 7150255?
2
What is the millions digit of 2770203?
2
What is the tens digit of 31274?
7
What is the hundred thousands digit of 604017?
6
What is the hundred thousands digit of 154423?
1
What is the ten thousands digit of 166498?
6
What is the units digit of 2389435?
5
What is the tens digit of 15796878?
7
What is the units digit of 1554902?
2
What is the ten thousands digit of 112583?
1
What is the ten thousands digit of 8017857?
1
What is the millions digit of 10200338?
0
What is the thousands digit of 1768041?
8
What is the hundred thousands digit of 2325208?
3
What is the hundreds digit of 860468?
4
What is the units digit of 142054?
4
What is the tens digit of 2064098?
9
What is the hundreds digit of 417380?
3
What is the ten thousands digit of 3387285?
8
What is the hundred thousands digit of 18183791?
1
What is the thousands digit of 8796624?
6
What is the hundreds digit of 1470494?
4
What is the millions digit of 10174317?
0
What is the hundreds digit of 1897044?
0
What is the thousands digit of 9914595?
4
What is the thousands digit of 472869?
2
What is the tens digit of 5523829?
2
What is the millions digit of 2783693?
2
What is the units digit of 36495?
5
What is the units digit of 264247?
7
What is the hundreds digit of 987445?
4
What is the ten thousands digit of 261425?
6
What is the hundreds digit of 690784?
7
What is the hundreds digit of 186538?
5
What is the units digit of 719060?
0
What is the tens digit of 1428993?
9
What is the thousands digit of 1797444?
7
What is the hundreds digit of 2039067?
0
What is the thousands digit of 504147?
4
What is the units digit of 2020130?
0
What is the tens digit of 14896601?
0
What is the millions digit of 1519518?
1
What is the hundreds digit of 20404305?
3
What is the hundreds digit of 228578?
5
What is the ten thousands digit of 656716?
5
What is the hundred thousands digit of 3989778?
9
What is the tens digit of 22778704?
0
What is the hundreds digit of 222998?
9
What is the tens digit of 253922?
2
What is the thousands digit of 434160?
4
What is the millions digit of 4092177?
4
What is the tens digit of 183792?
9
What is the tens digit of 750732?
3
What is the hundreds digit of 846268?
2
What is the tens digit of 202771?
7
What is the tens digit of 185663?
6
What is the tens digit of 3733895?
9
What is the thousands digit of 2708700?
8
What is the ten thousands digit of 255618?
5
What is the ten thousands digit of 21415?
2
What is the hundred thousands digit of 522279?
5
What is the tens digit of 111360?
6
What is the hundred thousands digit of 385494?
3
What is the tens digit of 278413?
1
What is the tens digit of 2416387?
8
What is the ten thousands digit of 739977?
3
What is the hundreds digit of 2458400?
4
What is the hundreds digit of 703778?
7
What is the units digit of 5113448?
8
What is the hundreds digit of 4524?
5
What is the tens digit of 846749?
4
What is the hundreds digit of 947486?
4
What is the hundred thousands digit of 1028672?
0
What is the units digit of 263174?
4
What is the thousands digit of 29517?
9
What is the ten thousands digit of 113467?
1
What is the millions digit of 2979211?
2
What is the thousands digit of 145370?
5
What is the hundreds digit of 248685?
6
What is the thousands digit of 27373580?
3
What is the millions digit of 43687850?
3
What is the tens digit of 492107?
0
What is the ten thousands digit of 27775434?
7
What is the hundred thousands digit of 5654218?
6
What is the thousands digit of 5827?
5
What is the hundreds digit of 553320?
3
What is the tens digit of 3472978?
7
What is the units digit of 12346677?
7
What is the thousands digit of 709627?
9
What is the tens digit of 10687677?
7
What is the hundred thousands digit of 2862219?
8
What is the thousands digit of 16482999?
2
What is the ten thousands digit of 65384?
6
What is the units digit of 1778207?
7
What is the units digit of 1607912?
2
What is the units digit of 308774?
4
What is the units digit of 55485?
5
What is the thousands digit of 1564979?
4
What is the ten thousands digit of 1323296?
2
What is the tens digit of 679623?
2
What is the hundreds digit of 1092402?
4
What is the units digit of 2512423?
3
What is the millions digit of 5252906?
5
What is the ten thousands digit of 7489038?
8
What is the ten thousands digit of 458294?
5
What is the tens digit of 2998081?
8
What is the ten thousands digit of 380131?
8
What is the thousands digit of 522014?
2
What is the ten thousands digit of 1579803?
7
What is the ten thousands digit of 483900?
8
What is the hundreds digit of 955730?
7
What is the units digit of 56437?
7
What is the tens digit of 625990?
9
What is the hundreds digit of 1413959?
9
What is the thousands digit of 842239?
2
What is the units digit of 8005?
5
What is the hundred thousands digit of 3657781?
6
What is the thousands digit of 4512118?
2
What is the units digit of 998169?
9
What is the ten thousands digit of 71108?
7
What is the units digit of 8869020?
0
What is the thousands digit of 34769?
4
What is the thousands digit of 1553667?
3
What is the hundreds digit of 12947267?
2
What is the thousands digit of 12942870?
2
What is the ten thousands digit of 6576413?
7
What is the hundreds digit of 1168829?
8
What is the hundred thousands digit of 823439?
8
What is the hundreds digit of 9326?
3
What is the hundreds digit of 1632933?
9
What is the thousands digit of 4231898?
1
What is the thousands digit of 27716?
7
What is the hundred thousands digit of 3977425?
9
What is the hundred thousands digit of 128370?
1
What is the units digit of 7283044?
4
What is the millions digit of 1589090?
1
What is the hundred thousands digit of 597998?
5
What is the hundreds digit of 244572?
5
What 